51 a composite number?
True
Is 2962270239 a prime number?
False
Is 1393436503 composite?
True
Is 102218221 a composite number?
True
Is 17606821 composite?
False
Is 57260239499 composite?
True
Is 9804115367 a composite number?
True
Is 1402116601 prime?
True
Is 1107310681 a composite number?
False
Is 1243537787 composite?
False
Is 62473198963 a composite number?
True
Is 16842268291 a prime number?
False
Is 38547122483 prime?
True
Is 66031016833 a prime number?
True
Is 199213757 prime?
True
Is 11233028251 a prime number?
True
Is 28576084483 composite?
False
Is 537472519 a composite number?
True
Is 96149831 composite?
False
Is 1337397713 prime?
False
Is 2889613499 a prime number?
False
Is 82867319 a prime number?
True
Is 3995704357 prime?
True
Is 32502775253 a composite number?
True
Is 41830871 a prime number?
True
Is 17635956659 a composite number?
False
Is 17379182829 composite?
True
Is 205981583 composite?
True
Is 905633507 prime?
True
Is 139528309847 a prime number?
True
Is 129028285 a composite number?
True
Is 23081657 a composite number?
False
Is 13366248667 a composite number?
False
Is 57469199 a prime number?
False
Is 689804977 prime?
False
Is 4339514929 a prime number?
False
Is 79714199 a prime number?
True
Is 1372526011 prime?
True
Is 80093977 a composite number?
True
Is 1008649813 prime?
True
Is 5141239 composite?
True
Is 34191251 composite?
True
Is 42671570231 composite?
False
Is 77519477351 a composite number?
False
Is 294689111 a prime number?
False
Is 943607503 prime?
False
Is 705974471 a prime number?
False
Is 116339245313 prime?
True
Is 11220393731 prime?
True
Is 2818073257 prime?
False
Is 231366121 a composite number?
True
Is 154059573387 a composite number?
True
Is 291583819 a prime number?
True
Is 21575795 a prime number?
False
Is 4922198695 composite?
True
Is 14832696247 a composite number?
False
Is 38795978173 prime?
True
Is 1042809793 composite?
True
Is 597074099 composite?
False
Is 32670233039 a composite number?
True
Is 60539961 a composite number?
True
Is 280607489 a prime number?
False
Is 10437890327 a prime number?
False
Is 204134431 a prime number?
False
Is 2681997 prime?
False
Is 2468410877 a prime number?
True
Is 101041153 composite?
True
Is 972200431 composite?
True
Is 20621939861 prime?
True
Is 1966297861 a prime number?
False
Is 72001737463 composite?
True
Is 3185207005 a composite number?
True
Is 3324071197 a composite number?
False
Is 2216883551 prime?
True
Is 1153093757 a prime number?
True
Is 113007906155 a prime number?
False
Is 23206432589 prime?
True
Is 180399841 prime?
False
Is 1590025981 prime?
False
Is 434070607 composite?
False
Is 115343627 composite?
True
Is 69495623 prime?
True
Is 23188465211 a prime number?
True
Is 32167450241 prime?
True
Is 24587839877 a composite number?
False
Is 6338613373 a composite number?
False
Is 704122873 a prime number?
True
Is 55315579433 composite?
False
Is 34316128357 composite?
True
Is 925715729 prime?
True
Is 148652524603 composite?
True
Is 5646754747 a composite number?
True
Is 340105013951 prime?
True
Is 25314993113 composite?
True
Is 3710011001 a composite number?
False
Is 3140977361 prime?
True
Is 6993974033 a composite number?
True
Is 11918192777 a prime number?
False
Is 6389164643 a composite number?
False
Is 129936959 a composite number?
True
Is 274368593 a composite number?
True
Is 5715280211 a prime number?
True
Is 1231763881 a prime number?
True
Is 32748815747 a prime number?
True
Is 22739662067 a prime number?
False
Is 69622003517 composite?
True
Is 2159562503 prime?
False
Is 2588271317 a composite number?
False
Is 488326061 composite?
False
Is 20900607667 a prime number?
True
Is 1506646117 a prime number?
False
Is 7900962533 prime?
True
Is 6083166127 prime?
True
Is 7830097283 composite?
False
Is 1693711499 prime?
True
Is 1432306763 composite?
True
Is 1898923381 composite?
False
Is 1773158173 prime?
False
Is 21970743199 a composite number?
True
Is 856740733 prime?
True
Is 964451539 a composite number?
False
Is 120229643 a composite number?
True
Is 15711841433 prime?
True
Is 1541607653 a composite number?
True
Is 5788758659 prime?
True
Is 368710057 a prime number?
False
Is 1109879821 a prime number?
True
Is 585309761 a prime number?
True
Is 53721979 a composite number?
True
Is 2076096343 composite?
False
Is 784326311 prime?
True
Is 1832285129 a prime number?
True
Is 94185950591 a prime number?
True
Is 7302228233 a composite number?
True
Is 382132301 prime?
True
Is 17909064259 a composite number?
False
Is 3787133063 a composite number?
True
Is 230365063249 prime?
True
Is 72191257 a prime number?
True
Is 407420231 composite?
True
Is 1383327397 a prime number?
True
Is 712805047 a composite number?
False
Is 4646659561 a composite number?
False
Is 435408829 a prime number?
True
Is 1790691751 prime?
False
Is 149757371 composite?
False
Is 6200589737 composite?
False
Is 207270477699 a composite number?
True
Is 651296623 prime?
False
Is 67557152891 prime?
False
Is 377114426833 a composite number?
True
Is 885599501 a composite number?
True
Is 4812244265 a prime number?
False
Is 2491704419 a prime number?
True
Is 686033981 prime?
False
Is 27117748111 a prime number?
False
Is 3562767357 composite?
True
Is 53898995833 prime?
False
Is 3612919321 a prime number?
False
Is 16323898771 a prime number?
True
Is 282927611 a composite number?
False
Is 68606129 composite?
False
Is 1536565691 prime?
True
Is 37969801 composite?
False
Is 8180791781 a prime number?
True
Is 13397198791 a composite number?
False
Is 12560817443 prime?
False
Is 3083772113 prime?
True
Is 644637197 a composite number?
True
Is 1908536057 composite?
True
Is 5612107 prime?
True
Is 241391747 a prime number?
True
Is 725297593 prime?
True
Is 191441738 composite?
True
Is 4167827771 prime?
False
Is 5019175009 a composite number?
True
Is 3403105861 a prime number?
True
Is 121253065774 prime?
False
Is 539879783 prime?
False
Is 7764373099 composite?
True
Is 4198399981 a prime number?
False
Is 133694543 a composite number?
False
Is 1796588501 a composite number?
False
Is 1930842053 prime?
False
Is 129701547961 composite?
False
Is 5378318839 composite?
True
Is 11752744853 composite?
False
Is 4116941047 composite?
False
Is 27446407607 a composite number?
True
Is 41018805601 a composite number?
False
Is 158147861 prime?
True
Is 88674233 composite?
True
Is 1701935881 a composite number?
False
Is 29296734365 composite?
True
Is 64190859281 a prime number?
True
Is 2430064199 composite?
False
Is 11873273123 a composite number?
False
Is 17112424633 a prime number?
False
Is 1878363913 a prime number?
False
Is 118384219069 composite?
False
Is 3929741651 a prime number?
False
Is 22635870559 prime?
True
Is 20885229641 a composite number?
True
Is 3042532579 a composite number?
True
Is 14458414129 a composite number?
False
Is 1637400733 a prime number?
True
Is 1111873603 a prime number?
True
Is 30610111 a composite number?
True
Is 2537756341 a composite number?
True
Is 385139827 prime?
True
Is 5360287759 composite?
False
Is 7983037597 composite?
True
Is 10671617261 prime?
False
Is 54122867555 composite?
True
Is 208227209 a prime number?
False
Is 90574448821 a prime number?
False
Is 12402398347 composite?
True
Is 34409281987 prime?
False
Is 2872915361 a prime number?
True
Is 111444523 a composite number?
True
Is 5578370201 a prime number?
True
Is 20914332997 a prime number?
True
Is 56000948005 composite?
True
Is 1461662003 a composite number?
False
Is 41413273033 composite?
True
Is 30046743802 a prime number?
False
Is 16770248191 prime?
True
Is 2394700247 composite?
True
Is 82958977 a composite number?
False
Is 10406704043 a prime number?
True
Is 627745967 prime?
True
Is 959718407 composite?
False
Is 10155103757 a composite number?
False
Is 2487357361 prime?
True
Is 489779233 a composite number?
True
Is 19986407531 prime?
True
Is 5536408307 prime?
True
Is 3933796439 composite?
False
Is 39608199637 prime?
True
Is 863831609 composite?
False
Is 127233923183 a composite number?
False
Is 662167709 composite?
True
Is 9962577407 a prime number?
True
Is 16168758847 composite?
True
Is 26390532149 a prime number?
True
Is 1237001 prime?
True
Is 4830019561 a composite number?
False
Is 59551861351 composite?
False
Is 36620537 a prime number?
T